34821.
159
Calculate the highest common divisor of 3 and 34489.
1
Calculate the highest common factor of 2204 and 2581.
29
What is the highest common factor of 352290 and 3210?
30
Calculate the greatest common divisor of 14570 and 36890.
310
What is the greatest common divisor of 279234 and 54?
54
Calculate the highest common divisor of 63916 and 1140.
76
Calculate the highest common factor of 263097 and 246.
123
Calculate the greatest common factor of 181 and 116383.
181
What is the greatest common factor of 1388 and 1172?
4
What is the highest common divisor of 29792 and 3626?
98
What is the highest common divisor of 7260 and 28908?
132
Calculate the greatest common divisor of 144 and 916080.
48
What is the greatest common factor of 7428 and 2460?
12
What is the greatest common factor of 76563 and 2068?
47
Calculate the highest common factor of 290 and 3140.
10
What is the highest common factor of 544258 and 242?
242
Calculate the greatest common divisor of 3750 and 167250.
750
What is the highest common factor of 1003104 and 972?
972
What is the greatest common factor of 2451904 and 448?
448
What is the highest common factor of 402506 and 13?
13
Calculate the greatest common divisor of 4 and 65294.
2
Calculate the highest common divisor of 3261 and 30.
3
What is the highest common divisor of 1345 and 245?
5
Calculate the greatest common factor of 27 and 15579.
27
Calculate the highest common divisor of 1953 and 20259.
9
Calculate the greatest common divisor of 77 and 440209.
77
Calculate the highest common factor of 1975 and 474.
79
What is the highest common divisor of 27 and 51333?
3
Calculate the highest common divisor of 5680 and 5960.
40
Calculate the highest common factor of 529025 and 1575.
175
What is the greatest common factor of 34790 and 15680?
490
What is the greatest common divisor of 4998 and 3234?
294
What is the greatest common divisor of 10240 and 2500?
20
Calculate the highest common factor of 20579 and 26.
13
Calculate the highest common factor of 15719 and 44.
11
Calculate the greatest common factor of 41922 and 1020.
102
What is the greatest common divisor of 143 and 3939?
13
Calculate the highest common factor of 8610 and 6273.
123
What is the highest common divisor of 1717 and 527?
17
Calculate the greatest common factor of 15344 and 4144.
112
What is the greatest common factor of 20 and 15432?
4
Calculate the highest common factor of 20 and 707770.
10
Calculate the highest common divisor of 95 and 42123.
19
Calculate the greatest common divisor of 21130 and 3860.
10
Calculate the greatest common divisor of 53440 and 1600.
320
Calculate the highest common divisor of 93 and 459544.
31
Calculate the highest common factor of 51636 and 25584.
156
Calculate the highest common divisor of 270590 and 10.
10
Calculate the highest common divisor of 653025 and 75.
75
What is the greatest common divisor of 30 and 8832?
6
Calculate the highest common divisor of 3143973 and 42.
21
Calculate the highest common divisor of 4384 and 274.
274
Calculate the greatest common divisor of 10205 and 35945.
65
Calculate the highest common divisor of 14 and 52073.
7
Calculate the highest common divisor of 395450 and 25.
25
What is the highest common divisor of 30 and 165411?
3
What is the highest common divisor of 28 and 9956?
4
Calculate the highest common divisor of 945 and 7686.
63
What is the highest common divisor of 1007862 and 241?
241
What is the greatest common divisor of 490 and 1748390?
70
What is the highest common factor of 184000 and 4?
4
What is the greatest common divisor of 2120216 and 56?
56
Calculate the greatest common factor of 2355684 and 48.
12
Calculate the greatest common factor of 3240 and 5625.
45
Calculate the highest common factor of 1711608 and 24.
24
Calculate the greatest common divisor of 79758 and 378.
378
What is the greatest common divisor of 111099 and 87?
87
What is the highest common factor of 806 and 10261?
31
Calculate the highest common divisor of 187 and 41191.
17
What is the highest common divisor of 38553 and 1278?
213
What is the highest common factor of 2 and 61769?
1
Calculate the highest common divisor of 71 and 125173.
71
Calculate the highest common factor of 12 and 30392.
4
What is the greatest common divisor of 26 and 561834?
26
Calculate the highest common factor of 26 and 7322887.
13
Calculate the greatest common factor of 10447 and 154346.
337
Calculate the highest common factor of 12 and 37452.
12
What is the greatest common divisor of 10 and 2835790?
10
Calculate the highest common factor of 47 and 4962542.
47
What is the greatest common divisor of 210 and 54?
6
Calculate the greatest common factor of 540 and 45684.
108
What is the greatest common divisor of 28518 and 2422?
14
What is the highest common divisor of 748 and 792?
44
What is the highest common factor of 3904 and 146949?
61
Calculate the highest common divisor of 13160237 and 1823.
1823
Calculate the greatest common factor of 1581 and 48.
3
Calculate the highest common divisor of 546 and 14770.
14
Calculate the greatest common factor of 305 and 227347.
61
What is the highest common divisor of 1920 and 27040?
160
Calculate the highest common factor of 958 and 180.
2
Calculate the greatest common factor of 2585 and 45.
5
What is the highest common factor of 54 and 771093?
27
What is the highest common divisor of 2020 and 126452?
404
Calculate the highest common divisor of 297 and 6061.
11
What is the highest common factor of 349 and 262448?
349
What is the highest common divisor of 391 and 23239?
17
What is the highest common factor of 1521 and 10998?
117
Calculate the greatest common factor of 56 and 19852.
28
What is the greatest common factor of 17436 and 36?
12
What is the greatest common factor of 813163 and 8810?
881
What is the greatest common factor of 23 and 1077?
1
Calculate the highest common divisor of 176 and 4037.
11
Calculate the greatest common divisor of 1763 and 10191.
43
What is the highest common divisor of 270 and 1442745?
135
What is the greatest common factor of 76320 and 288?
288
What is the highest common factor of 272 and 2312?
136
Calculate the highest common factor of 5055209 and 172.
43
What is the highest common factor of 57 and 60?
3
Calculate the greatest common factor of 21079 and 2167.
197
Calculate the greatest common divisor of 40544 and 7728.
112
Calculate the greatest common factor of 429073 and 3324.
277
Calculate the highest common factor of 24109244 and 46.
46
What is the greatest common factor of 564 and 485886?
282
Calculate the highest common factor of 61650 and 675.
225
What is the greatest common divisor of 229992 and 84?
84
Calculate the greatest common divisor of 3696 and 19824.
336
Calculate the greatest common factor of 77 and 130933.
11
What is the highest common divisor of 462606 and 42?
6
What is the highest common factor of 27 and 620784?
27
Calculate the highest common factor of 105 and 4900.
35
Calculate the greatest common divisor of 27 and 851661.
27
Calculate the greatest common factor of 213 and 1048.
1
What is the greatest common divisor of 1832556 and 24?
12
Calculate the greatest common divisor of 546 and 28470.
78
Calculate the greatest common factor of 61538 and 1682.
58
Calculate the highest common divisor of 129015 and 8037.
423
Calculate the highest common factor of 212 and 18815.
53
What is the greatest common factor of 637 and 7826?
91
What is the highest common divisor of 84258 and 288?
18
What is the greatest common divisor of 465 and 679985?
155
What is the highest common divisor of 868099 and 604?
151
What is the highest common factor of 192842 and 494?
26
Calculate the highest common factor of 131531 and 1339.
103
What is the greatest common factor of 770 and 64330?
70
What is the greatest common factor of 106 and 32542?
106
Calculate the highest common divisor of 217088 and 32.
32
What is the highest common divisor of 294507 and 9893?
761
What is the greatest common factor of 4 and 22408?
4
Calculate the highest common factor of 916 and 481358.
458
Calculate the greatest common divisor of 6460 and 15980.
340
What is the greatest common factor of 4651041 and 2292?
573
Calculate the highest common factor of 753665 and 386.
193
Calculate the greatest c